{"id":11,"date":"2013-12-27T10:47:55","date_gmt":"2013-12-27T10:47:55","guid":{"rendered":"http:\/\/fisioterapiamas.com\/mas\/?page_id=11"},"modified":"2014-01-14T09:44:46","modified_gmt":"2014-01-14T09:44:46","slug":"quienes-somos","status":"publish","type":"page","link":"http:\/\/fisioterapiamas.com\/mas\/quienes-somos\/","title":{"rendered":"<!Qui\u00e9nes somos>"},"content":{"rendered":"<h2>Sandra Verd\u00fa Mart\u00ednez<\/h2>\n<p style=\"padding-left: 30px;\">Fisioterapeuta &#8211; n\u00ba colegiada ICOFCV 3583<br \/>\nTerapeuta ocupacional<br \/>\nOste\u00f3pata<\/p>\n<h2>Miguel \u00c1ngel Mart\u00ednez Cerd\u00e1<\/h2>\n<p style=\"padding-left: 30px;\">Fisioterapeuta &#8211; n\u00ba colegiado ICOFCV 1947<\/p>\n","protected":false},"excerpt":{"rendered":"<p>Sandra Verd\u00fa Mart\u00ednez Fisioterapeuta &#8211; n\u00ba colegiada ICOFCV 3583 Terapeuta ocupacional Oste\u00f3pata Miguel \u00c1ngel Mart\u00ednez Cerd\u00e1 Fisioterapeuta &#8211; n\u00ba colegiado ICOFCV 1947<\/p>\n","protected":false},"author":1,"featured_media":0,"parent":0,"menu_order":0,"comment_status":"closed","ping_status":"open","template":"","meta":{"jetpack_post_was_ever_published":false,"footnotes":""},"class_list":["post-11","page","type-page","status-publish","hentry"],"jetpack_sharing_enabled":false,"jetpack_shortlink":"https:\/\/wp.me\/P4cnfd-b","_links":{"self":[{"href":"http:\/\/fisioterapiamas.com\/mas\/wp-json\/wp\/v2\/pages\/11","targetHints":{"allow":["GET"]}}],"collection":[{"href":"http:\/\/fisioterapiamas.com\/mas\/wp-json\/wp\/v2\/pages"}],"about":[{"href":"http:\/\/fisioterapiamas.com\/mas\/wp-json\/wp\/v2\/types\/page"}],"author":[{"embeddable":true,"href":"http:\/\/fisioterapiamas.com\/mas\/wp-json\/wp\/v2\/users\/1"}],"replies":[{"embeddable":true,"href":"http:\/\/fisioterapiamas.com\/mas\/wp-json\/wp\/v2\/comments?post=11"}],"version-history":[{"count":9,"href":"http:\/\/fisioterapiamas.com\/mas\/wp-json\/wp\/v2\/pages\/11\/revisions"}],"predecessor-version":[{"id":267,"href":"http:\/\/fisioterapiamas.com\/mas\/wp-json\/wp\/v2\/pages\/11\/revisions\/267"}],"wp:attachment":[{"href":"http:\/\/fisioterapiamas.com\/mas\/wp-json\/wp\/v2\/media?parent=11"}],"curies":[{"name":"wp","href":"https:\/\/api.w.org\/{rel}","templated":true}]}}

<!Quiénes somos>

<h2>Sandra Verdú Martínez</h2>
<p style="padding-left: 30px;">Fisioterapeuta &#8211; nº colegiada ICOFCV 3583<br />
Terapeuta ocupacional<br />
Osteópata</p>
<h2>Miguel Ángel Martínez Cerdá</h2>
<p style="padding-left: 30px;">Fisioterapeuta &#8211; nº colegiado ICOFCV 1947</p>

<p>Sandra Verdú Martínez Fisioterapeuta &#8211; nº colegiada ICOFCV 3583 Terapeuta ocupacional Osteópata Miguel Ángel Martínez Cerdá Fisioterapeuta &#8211; nº colegiado ICOFCV 1947</p>
